{"id":29,"date":"2023-06-06T14:58:33","date_gmt":"2023-06-06T12:58:33","guid":{"rendered":"https:\/\/psychologue-hypnoeft.fr\/?page_id=29"},"modified":"2023-07-23T18:41:59","modified_gmt":"2023-07-23T16:41:59","slug":"presentation","status":"publish","type":"page","link":"https:\/\/psychologue-hypnoeft.fr\/","title":{"rendered":"Pr\u00e9sentation"},"content":{"rendered":"\n<h1 class=\"wp-block-heading\">Pr\u00e9sentation<\/h1>\n\n\n<div class=\"wp-block-image\">\n<figure class=\"alignleft size-large is-resized\"><img decoding=\"async\" loading=\"lazy\" src=\"http:\/\/psychologue-hypnoeft.fr\/wp-content\/uploads\/2023\/06\/IMG_7867-1024x768.jpg\" alt=\"\" class=\"wp-image-364\" width=\"340\" height=\"255\" srcset=\"https:\/\/psychologue-hypnoeft.fr\/wp-content\/uploads\/2023\/06\/IMG_7867-1024x768.jpg 1024w, https:\/\/psychologue-hypnoeft.fr\/wp-content\/uploads\/2023\/06\/IMG_7867-300x225.jpg 300w, https:\/\/psychologue-hypnoeft.fr\/wp-content\/uploads\/2023\/06\/IMG_7867-768x576.jpg 768w, https:\/\/psychologue-hypnoeft.fr\/wp-content\/uploads\/2023\/06\/IMG_7867-1536x1152.jpg 1536w, https:\/\/psychologue-hypnoeft.fr\/wp-content\/uploads\/2023\/06\/IMG_7867-2048x1536.jpg 2048w\" sizes=\"(max-width: 340px) 100vw, 340px\" \/><\/figure><\/div>\n\n\n<p>Je vous accueille dans l&rsquo;\u00e9coute, la bienveillance et sans jugement au sein de mon cabinet <strong>sur Lorient<\/strong>, sur rendez-vous. Je re\u00e7ois des <strong>enfants, adolescents et adultes <\/strong>de mani\u00e8re indiff\u00e9renci\u00e9e. Je vous propose une th\u00e9rapie adapt\u00e9e \u00e0 vos besoins gr\u00e2ce \u00e0 mes diff\u00e9rentes formations de <strong>psychologue, hypnoth\u00e9rapeute et th\u00e9rapeute \u00e9motionnelle<\/strong> (EFT). <\/p>\n\n\n<div class=\"wp-block-image\">\n<figure class=\"alignright size-large is-resized\"><img decoding=\"async\" loading=\"lazy\" src=\"https:\/\/psychologue-hypnoeft.fr\/wp-content\/uploads\/2023\/06\/SAM_7878-729x1024.jpg\" alt=\"\" class=\"wp-image-162\" width=\"117\" height=\"165\" srcset=\"https:\/\/psychologue-hypnoeft.fr\/wp-content\/uploads\/2023\/06\/SAM_7878-729x1024.jpg 729w, https:\/\/psychologue-hypnoeft.fr\/wp-content\/uploads\/2023\/06\/SAM_7878-214x300.jpg 214w, https:\/\/psychologue-hypnoeft.fr\/wp-content\/uploads\/2023\/06\/SAM_7878-768x1079.jpg 768w, https:\/\/psychologue-hypnoeft.fr\/wp-content\/uploads\/2023\/06\/SAM_7878-1094x1536.jpg 1094w, https:\/\/psychologue-hypnoeft.fr\/wp-content\/uploads\/2023\/06\/SAM_7878-1458x2048.jpg 1458w, https:\/\/psychologue-hypnoeft.fr\/wp-content\/uploads\/2023\/06\/SAM_7878-scaled.jpg 1823w\" sizes=\"(max-width: 117px) 100vw, 117px\" \/><\/figure><\/div>\n\n\n<p>Vous \u00eates perdu dans ces th\u00e9rapies ? Je vous propose de parcourir mon site internet ou poser vos questions via la rubrique \u00ab\u00a0contact\u00a0\u00bb si besoin. Nous ferons \u00e9galement le point ensemble lors de la premi\u00e8re s\u00e9ance. <\/p>\n\n\n\n<p>Vous souhaitez quelque chose de sp\u00e9cifique&nbsp;(arr\u00eat tabac, par exemple) ? N\u2019h\u00e9sitez pas \u00e0 m\u2019en parler lors de la prise de RDV. <\/p>\n\n\n\n<p><strong>Pourquoi venir consulter ?<\/strong> Pour des difficult\u00e9s passag\u00e8res ou plus profondes, pour tout type de probl\u00e9matiques (mal \u00eatre g\u00e9n\u00e9ral, troubles du sommeil, phobies, troubles alimentaires, troubles d\u2019ordre affectif, sexuel, difficult\u00e9s professionnelles, douleurs, maladies chroniques, troubles du comportement, manque d\u2019estime de soi, d\u00e9pression, addictions\u2026)<\/p>\n\n\n\n<p>Ma pratique respecte le <a href=\"https:\/\/www.psychologue-legislation.com\/pdf\/code_deontologie_psychologues_2021.pdf\" data-type=\"URL\" data-id=\"https:\/\/www.psychologue-legislation.com\/pdf\/code_deontologie_psychologues_2021.pdf\">code de d\u00e9ontologie des psychologues<\/a> et s\u2019enrichit r\u00e9guli\u00e8rement gr\u00e2ce aux formations que je suis, et \u00e0 la supervision personnelle.<\/p>\n\n\n<div class=\"wp-block-image\">\n<figure class=\"aligncenter size-large is-resized\"><img decoding=\"async\" loading=\"lazy\" src=\"http:\/\/psychologue-hypnoeft.fr\/wp-content\/uploads\/2023\/06\/IMG_7872-1024x478.jpg\" alt=\"\" class=\"wp-image-367\" width=\"556\" height=\"260\" srcset=\"https:\/\/psychologue-hypnoeft.fr\/wp-content\/uploads\/2023\/06\/IMG_7872-1024x478.jpg 1024w, https:\/\/psychologue-hypnoeft.fr\/wp-content\/uploads\/2023\/06\/IMG_7872-300x140.jpg 300w, https:\/\/psychologue-hypnoeft.fr\/wp-content\/uploads\/2023\/06\/IMG_7872-768x358.jpg 768w, https:\/\/psychologue-hypnoeft.fr\/wp-content\/uploads\/2023\/06\/IMG_7872-1536x716.jpg 1536w, https:\/\/psychologue-hypnoeft.fr\/wp-content\/uploads\/2023\/06\/IMG_7872-2048x955.jpg 2048w\" sizes=\"(max-width: 556px) 100vw, 556px\" \/><\/figure><\/div>\n\n\n<div style=\"height:10px\" aria-hidden=\"true\" class=\"wp-block-spacer\"><\/div>\n\n\n\n<h2 class=\"wp-block-heading\">Mon parcours<\/h2>\n\n\n\n<p><\/p>\n\n\n\n<p><strong>Depuis 2023<\/strong>&nbsp;: Cabinet lib\u00e9ral sur Lorient<\/p>\n\n\n\n<p><strong>2022\u00a0<\/strong>: Titre de Maitre praticien en Hypnose Eriksonienne \u2013 ICFHE La Rochelle, Mich\u00e8le Quere et Jean-Paul Dumas, <a href=\"https:\/\/www.centre-formation-hypnose.fr\/\" target=\"_blank\" rel=\"noreferrer noopener\">https:\/\/www.centre-formation-hypnose.fr\/<\/a><\/p>\n\n\n\n<p><strong>2022&nbsp;<\/strong>: Titre de Maitre praticien EFT (<em>Emotionnal Freedom Technique<\/em>) \u2013 Vannes EFT Bretagne, Marie-Estelle Pelvin, <a href=\"https:\/\/www.eft-bretagne.com\/\" target=\"_blank\" rel=\"noreferrer noopener\">https:\/\/www.eft-bretagne.com\/<\/a><\/p>\n\n\n\n<p><strong>2014 \u00e0 2022<\/strong>&nbsp;: Psychologue de l\u2019\u00c9ducation Nationale<\/p>\n\n\n\n<p><strong>2013<\/strong>&nbsp;: Titre de Psychologue Clinicienne \u2013 Universit\u00e9 d\u2019Angers<\/p>\n\n\n\n<div class=\"wp-block-buttons is-content-justification-right is-layout-flex wp-container-1\">\n<div class=\"wp-block-button is-style-fill\"><a class=\"wp-block-button__link has-background wp-element-button\" href=\"https:\/\/psychologue-hypnoeft.fr\/?page_id=33\" style=\"border-radius:57px;background-color:#8d9c71\">Prendre RDV<\/a><\/div>\n<\/div>\n","protected":false},"excerpt":{"rendered":"<p>Pr\u00e9sentation Je vous accueille dans l&rsquo;\u00e9coute, la bienveillance et sans jugement au sein de mon cabinet sur Lorient, sur rendez-vous. Je re\u00e7ois des enfants, adolescents et adultes de mani\u00e8re indiff\u00e9renci\u00e9e. Je vous propose une th\u00e9rapie adapt\u00e9e \u00e0 vos besoins gr\u00e2ce \u00e0 mes diff\u00e9rentes formations de psychologue, hypnoth\u00e9rapeute et th\u00e9rapeute \u00e9motionnelle (EFT). Vous \u00eates perdu dans <a class=\"read-more\" href=\"https:\/\/psychologue-hypnoeft.fr\/\">READ MORE<\/a><\/p>\n","protected":false},"author":1,"featured_media":0,"parent":0,"menu_order":0,"comment_status":"closed","ping_status":"closed","template":"","meta":[],"yoast_head":"<!-- This site is optimized with the Yoast SEO plugin v20.10 - https:\/\/yoast.com\/wordpress\/plugins\/seo\/ -->\n<title>Pr\u00e9sentation - Psychologue, Hypnoth\u00e9rapeute et Th\u00e9rapeute \u00e9motionnelle (EFT) - Christelle Morel<\/title>\n<meta name=\"robots\" content=\"index, follow, max-snippet:-1, max-image-preview:large, max-video-preview:-1\" \/>\n<link rel=\"canonical\" href=\"https:\/\/psychologue-hypnoeft.fr\/\" \/>\n<meta property=\"og:locale\" content=\"fr_FR\" \/>\n<meta property=\"og:type\" content=\"article\" \/>\n<meta property=\"og:title\" content=\"Pr\u00e9sentation - Psychologue, Hypnoth\u00e9rapeute et Th\u00e9rapeute \u00e9motionnelle (EFT) - Christelle Morel\" \/>\n<meta property=\"og:description\" content=\"Pr\u00e9sentation Je vous accueille dans l&rsquo;\u00e9coute, la bienveillance et sans jugement au sein de mon cabinet sur Lorient, sur rendez-vous. Je re\u00e7ois des enfants, adolescents et adultes de mani\u00e8re indiff\u00e9renci\u00e9e. Je vous propose une th\u00e9rapie adapt\u00e9e \u00e0 vos besoins gr\u00e2ce \u00e0 mes diff\u00e9rentes formations de psychologue, hypnoth\u00e9rapeute et th\u00e9rapeute \u00e9motionnelle (EFT). Vous \u00eates perdu dans READ MORE\" \/>\n<meta property=\"og:url\" content=\"https:\/\/psychologue-hypnoeft.fr\/\" \/>\n<meta property=\"og:site_name\" content=\"Psychologue, Hypnoth\u00e9rapeute et Th\u00e9rapeute \u00e9motionnelle (EFT) - Christelle Morel\" \/>\n<meta property=\"article:modified_time\" content=\"2023-07-23T16:41:59+00:00\" \/>\n<meta property=\"og:image\" content=\"http:\/\/psychologue-hypnoeft.fr\/wp-content\/uploads\/2023\/06\/IMG_7867-1024x768.jpg\" \/>\n<meta name=\"twitter:card\" content=\"summary_large_image\" \/>\n<meta name=\"twitter:label1\" content=\"Dur\u00e9e de lecture estim\u00e9e\" \/>\n\t<meta name=\"twitter:data1\" content=\"2 minutes\" \/>\n<script type=\"application\/ld+json\" class=\"yoast-schema-graph\">{\"@context\":\"https:\/\/schema.org\",\"@graph\":[{\"@type\":\"WebPage\",\"@id\":\"https:\/\/psychologue-hypnoeft.fr\/\",\"url\":\"https:\/\/psychologue-hypnoeft.fr\/\",\"name\":\"Pr\u00e9sentation - Psychologue, Hypnoth\u00e9rapeute et Th\u00e9rapeute \u00e9motionnelle (EFT) - Christelle Morel\",\"isPartOf\":{\"@id\":\"https:\/\/psychologue-hypnoeft.fr\/#website\"},\"datePublished\":\"2023-06-06T12:58:33+00:00\",\"dateModified\":\"2023-07-23T16:41:59+00:00\",\"breadcrumb\":{\"@id\":\"https:\/\/psychologue-hypnoeft.fr\/#breadcrumb\"},\"inLanguage\":\"fr-FR\",\"potentialAction\":[{\"@type\":\"ReadAction\",\"target\":[\"https:\/\/psychologue-hypnoeft.fr\/\"]}]},{\"@type\":\"BreadcrumbList\",\"@id\":\"https:\/\/psychologue-hypnoeft.fr\/#breadcrumb\",\"itemListElement\":[{\"@type\":\"ListItem\",\"position\":1,\"name\":\"Accueil\",\"item\":\"https:\/\/psychologue-hypnoeft.fr\/\"},{\"@type\":\"ListItem\",\"position\":2,\"name\":\"Pr\u00e9sentation\"}]},{\"@type\":\"WebSite\",\"@id\":\"https:\/\/psychologue-hypnoeft.fr\/#website\",\"url\":\"https:\/\/psychologue-hypnoeft.fr\/\",\"name\":\"Christelle Morel - Psychologue, Hypnoth\u00e9rapeute et Th\u00e9rapeute \u00e9motionnelle (EFT)\",\"description\":\"\",\"potentialAction\":[{\"@type\":\"SearchAction\",\"target\":{\"@type\":\"EntryPoint\",\"urlTemplate\":\"https:\/\/psychologue-hypnoeft.fr\/?s={search_term_string}\"},\"query-input\":\"required name=search_term_string\"}],\"inLanguage\":\"fr-FR\"}]}<\/script>\n<!-- \/ Yoast SEO plugin. -->","yoast_head_json":{"title":"Pr\u00e9sentation - Psychologue, Hypnoth\u00e9rapeute et Th\u00e9rapeute \u00e9motionnelle (EFT) - Christelle Morel","robots":{"index":"index","follow":"follow","max-snippet":"max-snippet:-1","max-image-preview":"max-image-preview:large","max-video-preview":"max-video-preview:-1"},"canonical":"https:\/\/psychologue-hypnoeft.fr\/","og_locale":"fr_FR","og_type":"article","og_title":"Pr\u00e9sentation - Psychologue, Hypnoth\u00e9rapeute et Th\u00e9rapeute \u00e9motionnelle (EFT) - Christelle Morel","og_description":"Pr\u00e9sentation Je vous accueille dans l&rsquo;\u00e9coute, la bienveillance et sans jugement au sein de mon cabinet sur Lorient, sur rendez-vous. Je re\u00e7ois des enfants, adolescents et adultes de mani\u00e8re indiff\u00e9renci\u00e9e. Je vous propose une th\u00e9rapie adapt\u00e9e \u00e0 vos besoins gr\u00e2ce \u00e0 mes diff\u00e9rentes formations de psychologue, hypnoth\u00e9rapeute et th\u00e9rapeute \u00e9motionnelle (EFT). Vous \u00eates perdu dans READ MORE","og_url":"https:\/\/psychologue-hypnoeft.fr\/","og_site_name":"Psychologue, Hypnoth\u00e9rapeute et Th\u00e9rapeute \u00e9motionnelle (EFT) - Christelle Morel","article_modified_time":"2023-07-23T16:41:59+00:00","og_image":[{"url":"http:\/\/psychologue-hypnoeft.fr\/wp-content\/uploads\/2023\/06\/IMG_7867-1024x768.jpg"}],"twitter_card":"summary_large_image","twitter_misc":{"Dur\u00e9e de lecture estim\u00e9e":"2 minutes"},"schema":{"@context":"https:\/\/schema.org","@graph":[{"@type":"WebPage","@id":"https:\/\/psychologue-hypnoeft.fr\/","url":"https:\/\/psychologue-hypnoeft.fr\/","name":"Pr\u00e9sentation - Psychologue, Hypnoth\u00e9rapeute et Th\u00e9rapeute \u00e9motionnelle (EFT) - Christelle Morel","isPartOf":{"@id":"https:\/\/psychologue-hypnoeft.fr\/#website"},"datePublished":"2023-06-06T12:58:33+00:00","dateModified":"2023-07-23T16:41:59+00:00","breadcrumb":{"@id":"https:\/\/psychologue-hypnoeft.fr\/#breadcrumb"},"inLanguage":"fr-FR","potentialAction":[{"@type":"ReadAction","target":["https:\/\/psychologue-hypnoeft.fr\/"]}]},{"@type":"BreadcrumbList","@id":"https:\/\/psychologue-hypnoeft.fr\/#breadcrumb","itemListElement":[{"@type":"ListItem","position":1,"name":"Accueil","item":"https:\/\/psychologue-hypnoeft.fr\/"},{"@type":"ListItem","position":2,"name":"Pr\u00e9sentation"}]},{"@type":"WebSite","@id":"https:\/\/psychologue-hypnoeft.fr\/#website","url":"https:\/\/psychologue-hypnoeft.fr\/","name":"Christelle Morel - Psychologue, Hypnoth\u00e9rapeute et Th\u00e9rapeute \u00e9motionnelle (EFT)","description":"","potentialAction":[{"@type":"SearchAction","target":{"@type":"EntryPoint","urlTemplate":"https:\/\/psychologue-hypnoeft.fr\/?s={search_term_string}"},"query-input":"required name=search_term_string"}],"inLanguage":"fr-FR"}]}},"_links":{"self":[{"href":"https:\/\/psychologue-hypnoeft.fr\/index.php?rest_route=\/wp\/v2\/pages\/29"}],"collection":[{"href":"https:\/\/psychologue-hypnoeft.fr\/index.php?rest_route=\/wp\/v2\/pages"}],"about":[{"href":"https:\/\/psychologue-hypnoeft.fr\/index.php?rest_route=\/wp\/v2\/types\/page"}],"author":[{"embeddable":true,"href":"https:\/\/psychologue-hypnoeft.fr\/index.php?rest_route=\/wp\/v2\/users\/1"}],"replies":[{"embeddable":true,"href":"https:\/\/psychologue-hypnoeft.fr\/index.php?rest_route=%2Fwp%2Fv2%2Fcomments&post=29"}],"version-history":[{"count":23,"href":"https:\/\/psychologue-hypnoeft.fr\/index.php?rest_route=\/wp\/v2\/pages\/29\/revisions"}],"predecessor-version":[{"id":392,"href":"https:\/\/psychologue-hypnoeft.fr\/index.php?rest_route=\/wp\/v2\/pages\/29\/revisions\/392"}],"wp:attachment":[{"href":"https:\/\/psychologue-hypnoeft.fr\/index.php?rest_route=%2Fwp%2Fv2%2Fmedia&parent=29"}],"curies":[{"name":"wp","href":"https:\/\/api.w.org\/{rel}","templated":true}]}}