{"id":331,"date":"2023-06-08T22:07:24","date_gmt":"2023-06-08T20:07:24","guid":{"rendered":"https:\/\/psychologue-hypnoeft.fr\/?page_id=331"},"modified":"2023-06-28T10:17:20","modified_gmt":"2023-06-28T08:17:20","slug":"mentions-legales","status":"publish","type":"page","link":"https:\/\/psychologue-hypnoeft.fr\/?page_id=331","title":{"rendered":"Mentions L\u00e9gales"},"content":{"rendered":"\n<h2 class=\"wp-block-heading\">\u00c9diteur du site<\/h2>\n\n\n\n<p>\u00c9diteur de <a href=\"http:\/\/psychologue-hypnoeft.fr\">psychologue-hypnoeft.fr<\/a><em> <\/em><strong>: <\/strong>Morel Christelle<\/p>\n\n\n\n<p>Statut <strong>: <\/strong>R\u00e9gime de l\u2019entreprise individuelle<\/p>\n\n\n\n<p>T\u00e9l : 07.80.86.60.63.<br>Mail : <a href=\"mailto:contact@psychologue-hypnoeft.fr\">contact@psychologue-hypnoeft.fr<\/a><br>Si\u00e8ge Social : 37 rue de Kerolay, 56270 Lorient<\/p>\n\n\n\n<p><strong>N\u00b0 RPS : <br>N\u00b0 SIRET : 95332302900017 <br>APE : 8690F<\/strong><\/p>\n\n\n\n<p>Conform\u00e9ment aux dispositions l\u00e9gales, toute personne qui exerce une activit\u00e9 lib\u00e9rale, \u00e0 titre principal ou compl\u00e9mentaire, sous le r\u00e9gime fiscal de la micro-entreprise ou en optant pour le r\u00e9gime micro-social est dispens\u00e9e d\u2019immatriculation au Registre du Commerce et des Soci\u00e9t\u00e9s.<\/p>\n\n\n\n<h3 class=\"wp-block-heading\">Responsable \u00e9ditorial du site<\/h3>\n\n\n\n<p>Le directeur de la publication du site <em><a href=\"http:\/\/psychologue-hypnoeft.fr\">psychologue-hypnoeft.fr<\/a> <\/em>est Morel Christelle.<br>Le responsable \u00e9ditorial du site <em><a href=\"http:\/\/psychologue-hypnoeft.fr\">psychologue-hypnoeft.fr<\/a><strong> <\/strong><\/em>est Morel Christelle.<\/p>\n\n\n\n<h3 class=\"wp-block-heading\">H\u00e9bergement<\/h3>\n\n\n\n<p>Le site <em>psychologue-hypnoeft.fr<\/em> est h\u00e9berg\u00e9 par HOSTINGER, dont le si\u00e8ge social est situ\u00e9 HOSTINGER INTERNATIONAL LTD, 61 Lordou Vironos Street, 6023 Larnaca, Chypre, joignable par le moyen suivant :<a href=\"https:\/\/www.hostinger.fr\/contact\" target=\"_blank\" rel=\"noreferrer noopener nofollow\">https:\/\/www.hostinger.fr\/contact<\/a>.<\/p>\n\n\n\n<h2 class=\"wp-block-heading\">&nbsp;<\/h2>\n\n\n\n<h2 class=\"wp-block-heading\">Conditions d\u2019utilisation<\/h2>\n\n\n\n<p>L\u2019utilisation du pr\u00e9sent site implique l\u2019acceptation pleine et enti\u00e8re des conditions g\u00e9n\u00e9rales d\u2019utilisation d\u00e9crites ci-apr\u00e8s. Ces conditions d\u2019utilisation sont susceptibles d\u2019\u00eatre modifi\u00e9es ou compl\u00e9t\u00e9es \u00e0 tout moment.<\/p>\n\n\n\n<h3 class=\"wp-block-heading\">Informations<\/h3>\n\n\n\n<p>Les informations et documents du site sont pr\u00e9sent\u00e9s \u00e0 titre indicatif, sans de caract\u00e8re exhaustif, et ne peuvent engager la responsabilit\u00e9 du propri\u00e9taire du site.<\/p>\n\n\n\n<p>Le propri\u00e9taire du site ne peut \u00eatre tenu responsable des dommages directs et indirects cons\u00e9cutifs \u00e0 l\u2019acc\u00e8s au site.<\/p>\n\n\n\n<h3 class=\"wp-block-heading\">Interactivit\u00e9<\/h3>\n\n\n\n<p>Les utilisateurs du site peuvent y d\u00e9poser du contenu, apparaissant sur le site dans des espaces d\u00e9di\u00e9s (notamment via les commentaires). Le contenu d\u00e9pos\u00e9 reste sous la responsabilit\u00e9 de leurs auteurs, qui en assument pleinement l\u2019enti\u00e8re responsabilit\u00e9 juridique.<\/p>\n\n\n\n<p>Le propri\u00e9taire du site se r\u00e9serve n\u00e9anmoins le droit de retirer sans pr\u00e9avis et sans justification tout contenu d\u00e9pos\u00e9 par les utilisateurs qui ne satisferait pas \u00e0 la charte d\u00e9ontologique du site ou \u00e0 la l\u00e9gislation en vigueur.<\/p>\n\n\n\n<h3 class=\"wp-block-heading\">Propri\u00e9t\u00e9 intellectuelle<\/h3>\n\n\n\n<p>Sauf mention contraire, tous les \u00e9l\u00e9ments accessibles sur le site (textes, images, graphismes, logo, ic\u00f4nes, sons, logiciels, etc.) restent la propri\u00e9t\u00e9 exclusive de leurs auteurs, en ce qui concerne les droits de propri\u00e9t\u00e9 intellectuelle ou les droits d\u2019usage. <sup>1<\/sup><\/p>\n\n\n\n<p>Toute reproduction, repr\u00e9sentation, modification, publication, adaptation de tout ou partie des \u00e9l\u00e9ments du site, quel que soit le moyen ou le proc\u00e9d\u00e9 utilis\u00e9, est interdite, sauf autorisation \u00e9crite pr\u00e9alable de l\u2019auteur.<sup><sup>2,3<\/sup><\/sup><\/p>\n\n\n\n<p>Toute exploitation non autoris\u00e9e du site ou de l\u2019un quelconque des \u00e9l\u00e9ments qu\u2019il contient est consid\u00e9r\u00e9e comme constitutive d\u2019une contrefa\u00e7on et passible de poursuites. <sup>4<\/sup><\/p>\n\n\n\n<h2 class=\"wp-block-heading\">Loi informatique et libert\u00e9<\/h2>\n\n\n\n<p>Toutes les donn\u00e9es personnelles recueillies sont trait\u00e9es avec la plus stricte confidentialit\u00e9. Christelle Morel s\u2019engage \u00e0 respecter la confidentialit\u00e9 des messages courriels transmis au moyen d\u2019une messagerie \u00e9lectronique.<\/p>\n\n\n\n<p><strong>Enregistrement des informations recueillies sur les formulaires :<\/strong> fichier informatis\u00e9 par Christelle Morel. &nbsp;Objectif : organisation des rendez-vous, et r\u00e9ponse aux demandes d\u2019informations. La base l\u00e9gale du traitement est&nbsp;<a href=\"https:\/\/www.cnil.fr\/fr\/les-bases-legales\/interet-legitime\" target=\"_blank\" rel=\"noreferrer noopener nofollow\">l\u2019int\u00e9r\u00eat l\u00e9gitime<\/a>.<\/p>\n\n\n\n<p><strong>Communication des donn\u00e9es collect\u00e9es : <\/strong>destinataire unique, <strong>Christelle Morel.<\/strong><\/p>\n\n\n\n<p><strong>Dur\u00e9e de conservation des donn\u00e9es :<\/strong> 6 mois<\/p>\n\n\n\n<p>Le site <em><a href=\"http:\/\/psychologue-hypnoeft.fr\">psychologue-hypnoeft.fr<\/a><strong> <\/strong><\/em>utilise l\u2019outil statistique GoogIe Analytics, lequel enregistre des donn\u00e9es statistiques. Aucune donn\u00e9e de type personnel enregistr\u00e9e dans le cadre de la politique de donn\u00e9es statistiques.<\/p>\n\n\n\n<p>Tout utilisateur dispose d\u2019un droit d\u2019acc\u00e8s, de rectification et d\u2019opposition aux donn\u00e9es personnelles le concernant, en effectuant sa demande \u00e9crite et sign\u00e9e, accompagn\u00e9e d\u2019une preuve d\u2019identit\u00e9. <sup>5,6,7,8<\/sup><\/p>\n\n\n\n<p>Consultez le site&nbsp;cnil.fr pour plus d\u2019informations sur vos droits.<\/p>\n\n\n\n<p>Si vous estimez, apr\u00e8s nous avoir contact\u00e9s, que vos droits \u00ab&nbsp;Informatique et Libert\u00e9s&nbsp;\u00bb ne sont pas respect\u00e9s, vous pouvez adresser une r\u00e9clamation \u00e0 la CNIL.<\/p>\n\n\n\n<h2 class=\"wp-block-heading\">Confidentialit\u00e9 et RGPD<\/h2>\n\n\n\n<h3 class=\"wp-block-heading\">Confidentialit\u00e9<\/h3>\n\n\n\n<p>Les psychologues respectent la confidentialit\u00e9 en lien avec le code de d\u00e9ontologie rattach\u00e9 au m\u00e9tier<\/p>\n\n\n\n<p><a href=\"https:\/\/psychologues.org\/deontologie-single\/code-deontologie-psychologues\/\">Code de d\u00e9ontologie<\/a><\/p>\n\n\n\n<p>Depuis le 25&nbsp;mai 2018, psychologues sont tenus au RGPD. Il fixe un certain nombre de r\u00e8gles afin de prot\u00e9ger les donn\u00e9es \u00e0 caract\u00e8re personnel dites sensibles. C\u2019est le cas des donn\u00e9es collect\u00e9es par un organisme public, priv\u00e9 ou par un professionnel exer\u00e7ant \u00e0 son compte.<\/p>\n\n\n\n<p>Tout \u00e9l\u00e9ment permettant l\u2019identification du consultant de mani\u00e8re directe ou indirecte est concern\u00e9 par ce dispositif&nbsp;: nom, pr\u00e9nom, date de naissance, adresse, num\u00e9ro de s\u00e9curit\u00e9 sociale, num\u00e9ro de t\u00e9l\u00e9phone, adresse e-mail, photographies, vid\u00e9os, enregistrements vocaux, etc.<\/p>\n\n\n\n<p>Les donn\u00e9es de sant\u00e9 font l\u2019objet d\u2019une protection au regard du RGPD. Ceci comprend tout sympt\u00f4me ou r\u00e9sultat d\u2019examen qu\u2019il soit de nature somatique ou psychique.<\/p>\n\n\n\n<p>L<strong>es dossiers (entretiens, notes de s\u00e9ance, r\u00e9sultats d\u2019\u00e9valuations psychologiques ou neuropsychologiques, etc.) sont consid\u00e9r\u00e9s comme des donn\u00e9es de sant\u00e9<\/strong>. Ils sont strictement confidentiels et sous la responsabilit\u00e9 de Christelle Morel.<\/p>\n\n\n\n<p>Dans ce cadre, les informations collect\u00e9es seront ad\u00e9quates, pertinentes et limit\u00e9es \u00e0 ce qui est strictement n\u00e9cessaire \u00e0 la prise en charge.<\/p>\n\n\n\n<p><strong>&nbsp;<\/strong>La tenue du dossier patient est indispensable \u00e0 votre psychologue. Ce dossier a pour finalit\u00e9 d\u2019assurer votre suivi psychologique et de vous garantir la prise en charge la plus adapt\u00e9e. Il garantit la continuit\u00e9 de votre suivi.<\/p>\n\n\n\n<p><strong>Quelle est sa dur\u00e9e de conservation&nbsp;?<\/strong> Le dossier patient est, en principe, conserv\u00e9 pendant 20 ans \u00e0 compter de la date de votre derni\u00e8re consultation, par r\u00e9f\u00e9rence aux exigences de la CNIL concernant les donn\u00e9es de sant\u00e9 et aux dispositions de l\u2019article R. 1112-7 du code de la sant\u00e9 publique.<\/p>\n\n\n\n<p>Votre psychologue, Christelle Morel, g\u00e8re votre dossier patient informatis\u00e9 sur un fichier word, hors ligne, prot\u00e9g\u00e9 par mot de passe. Par ce biais, vos donn\u00e9es sont rigoureusement prot\u00e9g\u00e9es en respect du RGPD. <\/p>\n\n\n\n<p><strong>Qui a acc\u00e8s aux informations figurant dans votre dossier&nbsp;?<\/strong> Votre psychologue est le seul destinataire des informations figurant dans votre dossier. Avec votre consentement, votre psychologue pourra transmettre, de mani\u00e8re mesur\u00e9e, des informations \u00e0 des professionnels de sant\u00e9.<\/p>\n\n\n\n<p><strong>Quels sont vos droits et comment les exercer&nbsp;? <\/strong>Vous avez un droit d\u2019acc\u00e8s aux informations figurant dans votre dossier, \u00e0 l\u2019exception des notes personnelles de votre psychologue. Vous disposez aussi, sous certaines conditions, d\u2019un droit de rectification de ces donn\u00e9es. Vous ne pouvez ni vous opposer au traitement de vos donn\u00e9es, ni demander leur effacement, sauf cas tr\u00e8s particulier, et cela de mani\u00e8re strictement limit\u00e9e et encadr\u00e9e par la loi.<\/p>\n\n\n\n<p>Pour toute question relative \u00e0 la protection de vos donn\u00e9es ou pour exercer vos droits, vous pouvez vous adresser directement \u00e0 votre psychologue. En cas de difficult\u00e9s, vous pouvez \u00e9galement saisir la CNIL (Commission nationale de l\u2019informatique et des libert\u00e9s) d\u2019une r\u00e9clamation<\/p>\n\n\n\n<h2 class=\"wp-block-heading\">Litige &#8211; M\u00e9diation de la consommation<\/h2>\n\n\n<div class=\"wp-block-image\">\n<figure class=\"alignright size-large is-resized\"><img decoding=\"async\" loading=\"lazy\" src=\"https:\/\/psychologue-hypnoeft.fr\/wp-content\/uploads\/2023\/06\/logo-SMPMC-1024x241.png\" alt=\"\" class=\"wp-image-351\" width=\"259\" height=\"61\" srcset=\"https:\/\/psychologue-hypnoeft.fr\/wp-content\/uploads\/2023\/06\/logo-SMPMC-1024x241.png 1024w, https:\/\/psychologue-hypnoeft.fr\/wp-content\/uploads\/2023\/06\/logo-SMPMC-300x71.png 300w, https:\/\/psychologue-hypnoeft.fr\/wp-content\/uploads\/2023\/06\/logo-SMPMC-768x181.png 768w, https:\/\/psychologue-hypnoeft.fr\/wp-content\/uploads\/2023\/06\/logo-SMPMC-1536x362.png 1536w, https:\/\/psychologue-hypnoeft.fr\/wp-content\/uploads\/2023\/06\/logo-SMPMC-2048x483.png 2048w\" sizes=\"(max-width: 259px) 100vw, 259px\" \/><\/figure><\/div>\n\n\n<p>En cas de litige entre le Client et l\u2019entreprise, ceux-ci s\u2019efforceront de le r\u00e9soudre \u00e0 l\u2019amiable (le Client adressera une r\u00e9clamation \u00e9crite aupr\u00e8s du professionnel ou, le cas \u00e9ch\u00e9ant, aupr\u00e8s du Service Relations Client\u00e8le du professionnel).<br>A d\u00e9faut d\u2019accord amiable ou en l\u2019absence de r\u00e9ponse du professionnel dans un d\u00e9lai raisonnable d\u2019un (1) mois, le Client consommateur au sens de l\u2019article L.133-4 du code de la consommation&nbsp;a la possibilit\u00e9 de saisir gratuitement, si un d\u00e9saccord subsiste, le m\u00e9diateur comp\u00e9tent inscrit sur la liste des m\u00e9diateurs \u00e9tablie par la Commission d\u2019\u00e9valuation et de contr\u00f4le de la m\u00e9diation de la consommation en application de l\u2019article L.615-1 du code de la consommation, \u00e0 savoir :<br>La Soci\u00e9t\u00e9 M\u00e9diation Professionnelle<br><a href=\"http:\/\/www.mediateur-consommation-smp.fr\/\" target=\"_blank\" rel=\"noreferrer noopener\">www.mediateur-consommation-smp.fr<\/a><br>24 rue Albert de Mun &#8211; 33000 Bordeaux<\/p>\n\n\n\n<h3 class=\"wp-block-heading\">Cr\u00e9dits<\/h3>\n\n\n\n<p>Toutes les photos et logos utilis\u00e9s dans ce site sont libres de droit et proviennent des sites <a href=\"https:\/\/unsplash.com\/fr\" rel=\"nofollow\">https:\/\/unsplash.com\/fr<\/a> , <a href=\"https:\/\/www.pexels.com\/fr-fr\/\" rel=\"nofollow\">https:\/\/www.pexels.com\/fr-fr\/<\/a> , <a href=\"https:\/\/pixabay.com\/fr\/\" rel=\"nofollow\">https:\/\/pixabay.com\/fr\/<\/a> , <a href=\"https:\/\/www.freepng.fr\/\" rel=\"nofollow\">freepng.fr<\/a>.<\/p>\n\n\n\n<p><a href=\"https:\/\/www.webexpress.fr\" rel=\"nofollow\">Mentions l\u00e9gales fournies par WebExpress \u2013 Version 2.2<\/a> \u2013 Utilisation libre sous <a href=\"http:\/\/creativecommons.org\/licenses\/by-nc-nd\/3.0\/fr\/\">Licence Creative Commons CC BY-NC-ND 3.0 FR \/ creativecommons.org<\/a>.<\/p>\n\n\n\n<div class=\"wp-block-group alignwide is-layout-constrained\"><div class=\"wp-block-group__inner-container\">\n<ol type=\"1\" start=\"1\">\n<li>Articles L111-1 et suivants du Code de la Propri\u00e9t\u00e9 Intellectuelle du 1er juillet 1992&nbsp;<a href=\"https:\/\/www.webexpress.fr\/actualite\/focus\/modele-de-mentions-legales-complet-et-gratuit\/#fnref-7013-1\"><\/a><\/li>\n\n\n\n<li>Article 41 de la loi du 11 mars 1957&nbsp;<a href=\"https:\/\/www.webexpress.fr\/actualite\/focus\/modele-de-mentions-legales-complet-et-gratuit\/#fnref-7013-2\"><\/a><\/li>\n\n\n\n<li>Article L. 226-13 du Code p\u00e9nal et la Directive Europ\u00e9enne du 24 octobre 1995<\/li>\n\n\n\n<li>&nbsp;<a href=\"https:\/\/www.webexpress.fr\/actualite\/focus\/modele-de-mentions-legales-complet-et-gratuit\/#fnref-7013-3\"><\/a>Articles L.335-2 et suivants du Code de Propri\u00e9t\u00e9 Intellectuelle<\/li>\n\n\n\n<li>Loi n\u00b0 78-87 du 6 janvier 1978, modifi\u00e9e par la loi n\u00b0 2004-801 du 6 ao\u00fbt 2004, relative \u00e0 l\u2019informatique, aux fichiers et aux libert\u00e9s&nbsp;<a href=\"https:\/\/www.webexpress.fr\/actualite\/focus\/modele-de-mentions-legales-complet-et-gratuit\/#fnref-7013-5\"><\/a><\/li>\n\n\n\n<li>Articles 38 et suivants de la loi 78-17 du 6 janvier 1978 relative \u00e0 l\u2019informatique, aux fichiers et aux libert\u00e9s&nbsp;<a href=\"https:\/\/www.webexpress.fr\/actualite\/focus\/modele-de-mentions-legales-complet-et-gratuit\/#fnref-7013-7\"><\/a><\/li>\n\n\n\n<li>Loi du 1er juillet 1998 transposant la directive 96\/9 du 11 mars 1996 relative \u00e0 la protection juridique des bases de donn\u00e9es&nbsp;<a href=\"https:\/\/www.webexpress.fr\/actualite\/focus\/modele-de-mentions-legales-complet-et-gratuit\/#fnref-7013-8\"><\/a><\/li>\n\n\n\n<li>Loi n\u00b0 2004-801 du 6 ao\u00fbt 2004&nbsp;<a href=\"https:\/\/www.webexpress.fr\/actualite\/focus\/modele-de-mentions-legales-complet-et-gratuit\/#fnref-7013-6\"><\/a><\/li>\n<\/ol>\n\n\n\n<p><\/p>\n<\/div><\/div>\n","protected":false},"excerpt":{"rendered":"<p>\u00c9diteur du site \u00c9diteur de psychologue-hypnoeft.fr : Morel Christelle Statut : R\u00e9gime de l\u2019entreprise individuelle T\u00e9l : 07.80.86.60.63.Mail : contact@psychologue-hypnoeft.frSi\u00e8ge Social : 37 rue de Kerolay, 56270 Lorient N\u00b0 RPS : N\u00b0 SIRET : 95332302900017 APE : 8690F Conform\u00e9ment aux dispositions l\u00e9gales, toute personne qui exerce une activit\u00e9 lib\u00e9rale, \u00e0 titre principal ou compl\u00e9mentaire, sous <a class=\"read-more\" href=\"https:\/\/psychologue-hypnoeft.fr\/?page_id=331\">READ MORE<\/a><\/p>\n","protected":false},"author":1,"featured_media":0,"parent":0,"menu_order":0,"comment_status":"closed","ping_status":"closed","template":"","meta":[],"yoast_head":"<!-- This site is optimized with the Yoast SEO plugin v20.10 - https:\/\/yoast.com\/wordpress\/plugins\/seo\/ -->\n<title>Mentions L\u00e9gales - Psychologue, Hypnoth\u00e9rapeute et Th\u00e9rapeute \u00e9motionnelle (EFT) - Christelle Morel<\/title>\n<meta name=\"robots\" content=\"index, follow, max-snippet:-1, max-image-preview:large, max-video-preview:-1\" \/>\n<link rel=\"canonical\" href=\"https:\/\/psychologue-hypnoeft.fr\/?page_id=331\" \/>\n<meta property=\"og:locale\" content=\"fr_FR\" \/>\n<meta property=\"og:type\" content=\"article\" \/>\n<meta property=\"og:title\" content=\"Mentions L\u00e9gales - Psychologue, Hypnoth\u00e9rapeute et Th\u00e9rapeute \u00e9motionnelle (EFT) - Christelle Morel\" \/>\n<meta property=\"og:description\" content=\"\u00c9diteur du site \u00c9diteur de psychologue-hypnoeft.fr : Morel Christelle Statut : R\u00e9gime de l\u2019entreprise individuelle T\u00e9l : 07.80.86.60.63.Mail : contact@psychologue-hypnoeft.frSi\u00e8ge Social : 37 rue de Kerolay, 56270 Lorient N\u00b0 RPS : N\u00b0 SIRET : 95332302900017 APE : 8690F Conform\u00e9ment aux dispositions l\u00e9gales, toute personne qui exerce une activit\u00e9 lib\u00e9rale, \u00e0 titre principal ou compl\u00e9mentaire, sous READ MORE\" \/>\n<meta property=\"og:url\" content=\"https:\/\/psychologue-hypnoeft.fr\/?page_id=331\" \/>\n<meta property=\"og:site_name\" content=\"Psychologue, Hypnoth\u00e9rapeute et Th\u00e9rapeute \u00e9motionnelle (EFT) - Christelle Morel\" \/>\n<meta property=\"article:modified_time\" content=\"2023-06-28T08:17:20+00:00\" \/>\n<meta property=\"og:image\" content=\"https:\/\/psychologue-hypnoeft.fr\/wp-content\/uploads\/2023\/06\/logo-SMPMC-1024x241.png\" \/>\n<meta name=\"twitter:card\" content=\"summary_large_image\" \/>\n<meta name=\"twitter:label1\" content=\"Dur\u00e9e de lecture estim\u00e9e\" \/>\n\t<meta name=\"twitter:data1\" content=\"7 minutes\" \/>\n<script type=\"application\/ld+json\" class=\"yoast-schema-graph\">{\"@context\":\"https:\/\/schema.org\",\"@graph\":[{\"@type\":\"WebPage\",\"@id\":\"https:\/\/psychologue-hypnoeft.fr\/?page_id=331\",\"url\":\"https:\/\/psychologue-hypnoeft.fr\/?page_id=331\",\"name\":\"Mentions L\u00e9gales - Psychologue, Hypnoth\u00e9rapeute et Th\u00e9rapeute \u00e9motionnelle (EFT) - Christelle Morel\",\"isPartOf\":{\"@id\":\"https:\/\/psychologue-hypnoeft.fr\/#website\"},\"datePublished\":\"2023-06-08T20:07:24+00:00\",\"dateModified\":\"2023-06-28T08:17:20+00:00\",\"breadcrumb\":{\"@id\":\"https:\/\/psychologue-hypnoeft.fr\/?page_id=331#breadcrumb\"},\"inLanguage\":\"fr-FR\",\"potentialAction\":[{\"@type\":\"ReadAction\",\"target\":[\"https:\/\/psychologue-hypnoeft.fr\/?page_id=331\"]}]},{\"@type\":\"BreadcrumbList\",\"@id\":\"https:\/\/psychologue-hypnoeft.fr\/?page_id=331#breadcrumb\",\"itemListElement\":[{\"@type\":\"ListItem\",\"position\":1,\"name\":\"Accueil\",\"item\":\"https:\/\/psychologue-hypnoeft.fr\/\"},{\"@type\":\"ListItem\",\"position\":2,\"name\":\"Mentions L\u00e9gales\"}]},{\"@type\":\"WebSite\",\"@id\":\"https:\/\/psychologue-hypnoeft.fr\/#website\",\"url\":\"https:\/\/psychologue-hypnoeft.fr\/\",\"name\":\"Christelle Morel - Psychologue, Hypnoth\u00e9rapeute et Th\u00e9rapeute \u00e9motionnelle (EFT)\",\"description\":\"\",\"potentialAction\":[{\"@type\":\"SearchAction\",\"target\":{\"@type\":\"EntryPoint\",\"urlTemplate\":\"https:\/\/psychologue-hypnoeft.fr\/?s={search_term_string}\"},\"query-input\":\"required name=search_term_string\"}],\"inLanguage\":\"fr-FR\"}]}<\/script>\n<!-- \/ Yoast SEO plugin. -->","yoast_head_json":{"title":"Mentions L\u00e9gales - Psychologue, Hypnoth\u00e9rapeute et Th\u00e9rapeute \u00e9motionnelle (EFT) - Christelle Morel","robots":{"index":"index","follow":"follow","max-snippet":"max-snippet:-1","max-image-preview":"max-image-preview:large","max-video-preview":"max-video-preview:-1"},"canonical":"https:\/\/psychologue-hypnoeft.fr\/?page_id=331","og_locale":"fr_FR","og_type":"article","og_title":"Mentions L\u00e9gales - Psychologue, Hypnoth\u00e9rapeute et Th\u00e9rapeute \u00e9motionnelle (EFT) - Christelle Morel","og_description":"\u00c9diteur du site \u00c9diteur de psychologue-hypnoeft.fr : Morel Christelle Statut : R\u00e9gime de l\u2019entreprise individuelle T\u00e9l : 07.80.86.60.63.Mail : contact@psychologue-hypnoeft.frSi\u00e8ge Social : 37 rue de Kerolay, 56270 Lorient N\u00b0 RPS : N\u00b0 SIRET : 95332302900017 APE : 8690F Conform\u00e9ment aux dispositions l\u00e9gales, toute personne qui exerce une activit\u00e9 lib\u00e9rale, \u00e0 titre principal ou compl\u00e9mentaire, sous READ MORE","og_url":"https:\/\/psychologue-hypnoeft.fr\/?page_id=331","og_site_name":"Psychologue, Hypnoth\u00e9rapeute et Th\u00e9rapeute \u00e9motionnelle (EFT) - Christelle Morel","article_modified_time":"2023-06-28T08:17:20+00:00","og_image":[{"url":"https:\/\/psychologue-hypnoeft.fr\/wp-content\/uploads\/2023\/06\/logo-SMPMC-1024x241.png"}],"twitter_card":"summary_large_image","twitter_misc":{"Dur\u00e9e de lecture estim\u00e9e":"7 minutes"},"schema":{"@context":"https:\/\/schema.org","@graph":[{"@type":"WebPage","@id":"https:\/\/psychologue-hypnoeft.fr\/?page_id=331","url":"https:\/\/psychologue-hypnoeft.fr\/?page_id=331","name":"Mentions L\u00e9gales - Psychologue, Hypnoth\u00e9rapeute et Th\u00e9rapeute \u00e9motionnelle (EFT) - Christelle Morel","isPartOf":{"@id":"https:\/\/psychologue-hypnoeft.fr\/#website"},"datePublished":"2023-06-08T20:07:24+00:00","dateModified":"2023-06-28T08:17:20+00:00","breadcrumb":{"@id":"https:\/\/psychologue-hypnoeft.fr\/?page_id=331#breadcrumb"},"inLanguage":"fr-FR","potentialAction":[{"@type":"ReadAction","target":["https:\/\/psychologue-hypnoeft.fr\/?page_id=331"]}]},{"@type":"BreadcrumbList","@id":"https:\/\/psychologue-hypnoeft.fr\/?page_id=331#breadcrumb","itemListElement":[{"@type":"ListItem","position":1,"name":"Accueil","item":"https:\/\/psychologue-hypnoeft.fr\/"},{"@type":"ListItem","position":2,"name":"Mentions L\u00e9gales"}]},{"@type":"WebSite","@id":"https:\/\/psychologue-hypnoeft.fr\/#website","url":"https:\/\/psychologue-hypnoeft.fr\/","name":"Christelle Morel - Psychologue, Hypnoth\u00e9rapeute et Th\u00e9rapeute \u00e9motionnelle (EFT)","description":"","potentialAction":[{"@type":"SearchAction","target":{"@type":"EntryPoint","urlTemplate":"https:\/\/psychologue-hypnoeft.fr\/?s={search_term_string}"},"query-input":"required name=search_term_string"}],"inLanguage":"fr-FR"}]}},"_links":{"self":[{"href":"https:\/\/psychologue-hypnoeft.fr\/index.php?rest_route=\/wp\/v2\/pages\/331"}],"collection":[{"href":"https:\/\/psychologue-hypnoeft.fr\/index.php?rest_route=\/wp\/v2\/pages"}],"about":[{"href":"https:\/\/psychologue-hypnoeft.fr\/index.php?rest_route=\/wp\/v2\/types\/page"}],"author":[{"embeddable":true,"href":"https:\/\/psychologue-hypnoeft.fr\/index.php?rest_route=\/wp\/v2\/users\/1"}],"replies":[{"embeddable":true,"href":"https:\/\/psychologue-hypnoeft.fr\/index.php?rest_route=%2Fwp%2Fv2%2Fcomments&post=331"}],"version-history":[{"count":10,"href":"https:\/\/psychologue-hypnoeft.fr\/index.php?rest_route=\/wp\/v2\/pages\/331\/revisions"}],"predecessor-version":[{"id":357,"href":"https:\/\/psychologue-hypnoeft.fr\/index.php?rest_route=\/wp\/v2\/pages\/331\/revisions\/357"}],"wp:attachment":[{"href":"https:\/\/psychologue-hypnoeft.fr\/index.php?rest_route=%2Fwp%2Fv2%2Fmedia&parent=331"}],"curies":[{"name":"wp","href":"https:\/\/api.w.org\/{rel}","templated":true}]}}